(l) = -104*l + 63 + 17*l - 2 + 84*l. What is r(14)?
19
Let p(u) = -3*u**3 + 6*u**2 + u - 17. Let r(m) = 5*m**3 - 10*m**2 - m + 31. Let l(j) = 7*p(j) + 4*r(j). What is l(5)?
-55
Let j be 165/30*4/2. Suppose -d = a - 0*a - 2, 4*a = -d + j. Let u(v) be the first derivative of 2*v**3 + v**2/2 + v + 1. What is u(d)?
6
Let n(z) = 32 - 9*z**2 - z**3 - 2*z - 7 - 15 - 3*z. Let m = -11 + 3. Give n(m).
-14
Let z(k) = -11*k**3. Let b be ((7/2)/7)/(-8*19/304). Give z(b).
11
Let s be (-1 - (-3)/(-2))*24/10. Let o be s/6*(-3 - -1 - -3). Let f(z) = -11*z**2 - z + 1. What is f(o)?
-9
Suppose 2*z + 3*c - 81 = 0, 7 = -3*c - 8. Let n be (13/39)/(2/z). Let l(m) = -m**3 + 8*m**2 + 2*m - 12. What is l(n)?
4
Let y(t) = -5*t**3 - 10*t + 20. Let k be y(2). Let g = k - -41. Let d(r) = 5*r**3 + r**2 - 2*r + 1. What is d(g)?
5
Let g = -57 + 60. Suppose -4*f + g*i + 39 = 0, -2*i - 2*i = 20. Let t(k) = -k**2 + 10*k - 20. Calculate t(f).
4
Let f(n) = -44*n**3 + 115*n**2 + 42*n + 348. Let h(g) = 3*g**3 - 8*g**2 - 3*g - 25. Let y(c) = -2*f(c) - 29*h(c). Calculate y(0).
29
Let k be 2/6 - (-60)/9. Let t(f) = 17*f + 6. Suppose 0 = 4*y - 8, -3*y + 17 = 3*j - 10. Let s(r) = 12*r + 4. Let h(g) = j*s(g) - 5*t(g). What is h(k)?
-9
Let b(o) = 2*o**3 - 9*o**2 - 28. Let x(d) = -3*d**3 + 13*d**2 + 38. Let y(k) = 10*b(k) + 7*x(k). Give y(-3).
22
Let d(i) = -i - 3. Suppose 3*y = 2*y + 5. Let k(r) = 55*r - 12. Let o(l) = -156*l + 34. Let a(w) = 17*k(w) + 6*o(w). Let n(j) = y*a(j) + d(j). Determine n(-2).
9
Let u(s) = 2*s - 17. Let y be u(9). Let v be (-10*y)/(-2) - 0. Let j(n) = -7 + 16 + 4*n - v*n. Give j(6).
3
Let v(l) = 4*l - 2. Let i(n) = n. Let j(d) = -i(d) - v(d). Let o be j(2). Let c(q) = -19*q + 53*q - 14*q - 7 + q**2 - 14*q. Calculate c(o).
9
Suppose p - 960 = -7*p. Suppose 0 = -3*u + m + 105, -3*u - 5*m = -m - p. Suppose 0 = 7*c + 6 + u. Let x(g) = g + 8. What is x(c)?
2
Let l(o) be the second derivative of -122*o + 0 - 1/6*o**3 - 3*o**2. Give l(-3).
-3
Let m = -100 + 102. Let l(c) = 47 - 10 + 7*c**m - 36. Calculate l(1).
8
Let s(g) = -2*g - 11. Let n(q) = 10*q + 55. Let i(f) = 2*n(f) + 9*s(f). Suppose -4*r + 30 = -2*h, 4*r = 3*h + 41 - 2. Give i(h).
-7
Let p(r) be the second derivative of -r**5/20 + r**4 + 16*r**3/3 - 4*r**2 + 2*r + 99. Calculate p(14).
48
Let d be (-2)/9 + (-32732)/126. Let f be (-40)/d + 80/(-13). Let a(s) = -s**3 - 5*s**2 + 5*s - 3. Determine a(f).
3
Let m(o) = -o - 2. Let l(i) = 10*i - 57. Let y be l(30). Let r = y - 249. Give m(r).
4
Suppose 38*k = 4*t + 36*k - 6, 0 = -t + 3*k - 11. Let i(q) be the first derivative of -1/4*q**t + 0*q**2 + 8 + 5/3*q**3 - 2*q. What is i(5)?
-2
Let u(v) = -78*v - 53 + 23*v + 24*v + 20*v + 20*v. Calculate u(5).
-8
Let z(l) be the second derivative of -l**2 + 14 - 1/6*l**3 - 3*l. What is z(-8)?
6
Let b(g) be the first derivative of 19*g + 3/2*g**2 - 33. Give b(-8).
-5
Let k(t) = -t**3 + 3*t + 1. Suppose 4*d - 16 = -4. Suppose 5*a - 5 = -5*c, -c + d*a = 3*c + 17. Determine k(c).
3
Suppose 4*b = -3*k - 8, -3*k - b + 174 = 194. Let p(y) = 36*y + 282. Determine p(k).
-6
Suppose -436*l - 2994 - 6816 = 109*l. Let n(x) = -3*x**2 - 54*x + 5. Determine n(l).
5
Let s be -1 + (-5)/(10/(-4)). Let x(g) = 2*g**3 - g - g**3 - 3*g**2 + s + 10*g**2. Suppose -93 = 98*v + 493 + 100. Calculate x(v).
8
Let r(u) = 19*u**3 + 6*u**2 + 8*u + 6. Let b(c) = -100*c**3 - 31*c**2 - 42*c - 31. Let o(i) = 4*b(i) + 21*r(i). Give o(4).
-30
Let h(n) = 8*n**2 - 143*n + 363. Let m(j) = -3*j**2 + 48*j - 115. Let s(f) = -4*h(f) - 11*m(f). Calculate s(-48).
5
Let x(u) be the first derivative of u**3/3 - u**2 - 50*u + 8046. Determine x(12).
70
Let j(x) = -31*x - 191. Let k = -568 - -562. Calculate j(k).
-5
Let n(s) = -s + 3. Let x(f) = 3*f + 5*f - 10*f + 5*f - 28 + 5*f. Let i(r) = -4*n(r) - x(r). What is i(5)?
-4
Let m(t) be the second derivative of 0 - 1/20*t**5 + 3/4*t**4 - t**2 - 8*t - 4/3*t**3. Suppose -65*c - 480 = -125*c. Determine m(c).
-2
Let l(d) be the first derivative of d**3/3 + 6*d**2 + 16*d - 158. Suppose 4*s + 37 + 7 = 0. Calculate l(s).
5
Let n(k) = 5*k - 10. Let p(s) = s - 1. Let l(m) = -m + 1. Let a(u) = -6*l(u) - 5*p(u). Let x(h) = -6*a(h) + n(h). Let o be 1/((-11)/2) + 2139/(-759). Give x(o).
-1
Suppose 4*i - 4*s + 80 = 0, -i + 2*s - 5 = 6*s. Let t(y) be the second derivative of y**3/3 + 18*y**2 - 24252*y. Give t(i).
2
Let b be (10/(-15)*15 - 12/(-3)) + -2. Let m(d) = -d**2 - 7*d + 22. Determine m(b).
14
Let i be 16/22*2 - (918/99)/(-17). Let w(n) = -n**3 - 4*n**2 + 6*n - 4. Determine w(i).
-16
Let j(g) = -g**2 - 10*g - 18. Suppose 562*u - 2*m = 559*u - 15, -3*m = -5*u - 27. What is j(u)?
-9
Suppose -199 = 6*y - 247. Let p be (y/3)/(16/12). Let t(h) = -3*h**2 - h + 1. Calculate t(p).
-13
Let c(o) be the first derivative of -3*o**2/2 + 49*o + 960. Give c(12).
13
Let o(y) = 21*y**2 - 133*y**2 + 43*y**2 - 1 + 42*y**2 + y**3. Give o(27).
-1
Let w(s) = -s**3 + 6*s**2 - s - 3. Let f(h) = 28*h + 230. Let r be f(-8). Determine w(r).
-9
Let s(q) = -q**2 + 42*q + 456. Let f be s(51). Let i(a) = 18*a - 24. Calculate i(f).
-78
Let g(v) = 5*v + 23. Let f be (2 - -12)*(21 + 1247/(-58)). Calculate g(f).
-12
Suppose 60*c + 1 = 58*c - 5*v, 4 = c - 2*v. Let u(t) = 21*t**2 + t + 2. Calculate u(c).
88
Let w(h) = -42*h + 123. Let m = -32159 - -32162. Give w(m).
-3
Let v = -255 - -250. Let o(g) = -11*g**3 + 5*g**2 + 12*g + 10. Let l(w) = -9*w**3 + 6*w**2 + 12*w + 10. Let c(y) = v*o(y) + 6*l(y). What is c(-10)?
-10
Let j = 340 - 337. Let t(o) = -29*o**3 - 9 + 4*o**2 - 5*o**2 + 12 + 34*o**j - 3*o. Give t(2).
33
Let a(w) be the second derivative of -w**5/20 + w**4/12 - w**3/6 - 10*w**2 - 3129*w + 1. Give a(0).
-20
Let j(m) = m**3 - 20*m**2 + m - 9. Let k = 9 + 11. Let s be j(k). Let n(v) = s*v - 9*v + 1 - 17*v. Calculate n(1).
-14
Let v = 1484 + -1487. Let d(a) = -a**2 + 2*a + 22. Determine d(v).
7
Let d(n) = n + 29. Suppose -i + 4*u + 8 = 0, -9*i + u + 17 = -10*i. Determine d(i).
17
Let b(l) = -98 + 47 + 147*l - 153*l. What is b(-7)?
-9
Let k(s) = s + 2. Suppose 2*n + 2*n = -32. Let m be 9/(-2)*n/12. Let z be k(m). Let o(u) = -u**3 + 5*u**2 - 6. What is o(z)?
-6
Let s(j) = -j - 8. Suppose -66*a - 16*a = -246. What is s(a)?
-11
Let w(f) = -f**2 + 8*f + 4. Let i(o) = 3*o**2 - 23*o - 11. Let h = 28 - 11. Let x be 15/(-20)*1*8/(-1). Let v(q) = h*w(q) + x*i(q). Give v(2).
2
Let o be (-27)/(486/36) - -2*2. Let g(y) = -11*y + 22. Calculate g(o).
0
Let k = -19339 + 19341. Let y(j) be the third derivative of 5/24*j**4 + 0 - 1/30*j**5 + 5/6*j**3 + 0*j - 24*j**k. What is y(5)?
-20
Let f(o) = o**2 - 3*o - 5. Let r = -25 - -28. Suppose 13 = r*j + 4. Suppose -y - j*y = -3*p - 39, -21 = -y + 3*p. Give f(y).
13
Let i(c) = c**2. Let p(r) = r**3 + r**2 - 2*r. Let z be p(2). Let o(d) = 6*d - z*d - 28 + 12. Let x be o(-9). Calculate i(x).
4
Let l(k) = -29*k**2 - 14*k - 2. Let w(t) = -20*t**2 - 10*t - 1. Let n(z) = 11*l(z) - 16*w(z). Determine n(5).
49
Let l(x) = -x**3 - 4*x**2 + 12*x - 6. Let v be l(-6). Let z(n) = n**3 - 3*n**2 + 2*n - 2. Let d be z(3). Let w(p) = -d*p - 14 + 5 + 2*p. What is w(v)?
3
Let m(v) = 4*v + 5. Let c(w) = -2 + 30082*w - 30079*w + 5. Let z(b) = -5*c(b) + 4*m(b). What is z(-10)?
-5
Let i(o) be the third derivative of o**6/120 + 17*o**5/60 + o**4/24 + 8*o**3/3 - 7065*o**2 - 2. Calculate i(-17).
-1
Suppose -5*i - 23 - 7 = 0. Let l(k) = 12*k**2 - 3*k + 7. Let a(s) = 2*s**2 + 1. Let h(p) = 25*a(p) - 4*l(p). What is h(i)?
-3
Suppose 726 - 2042 = -5*i - 4*k, -4*i + 3*k = -1028. Suppose -o + 253 = i. Let w(t) = t**2 + 4*t - 10. Determine w(o).
11
Let k(l) = -5*l**2 - 21*l - 4. Let i(g) = -729*g + 2182. Let n be i(3). What is k(n)?
-24
Let v(d) = 3*d**3 - 22*d**2 - d + 9. Let t be v(8). Let b = t - 123. Let u(x) = -x**2 + 8*x + 2. Calculate u(b).
14
Let f(u) = 2*u**3 - 32*u**2 + u - 19. Suppose -250*i - 544 = -2657 - 1887. Calculate f(i).
-3
Let v(o) = -18 - 12*o**2 + 13*o**2 + 9 + 5*o + 0*o + 13. Determine v(-1).
0
Let o(w) be the first derivative of -11*w**2/2 + 139*w - 11340. Determine o(13).
-4
Let j(v) = 13*v - 13. Let l(b) = 23*b - 21. Let x(y) = 45*y - 41. Let u(q) = -11*l(q) + 6*x(q). Let r(z) = -4*j(z) + 3*u(z). What is r(-7)?
14
Let f(i) = -i**2 - 13*i - 10. Let k = 129 + -130. Let l(q) = 2*q + 2. Let r(n) = k*f(n) - 3*l(n). Give r(-6).
-2
Let c(f) be the first d